+ 3*b = -51, -4*l + 4 = -2*b - 56. Calculate the remainder when k is divided by l.
10
Let s = 36 - -15. Let o = 53 + s. Suppose 2*j = -4*x + o, -5*x + 124 + 16 = 5*j. Calculate the remainder when x is divided by 13.
11
Suppose -4*q - 38*d + 37*d = -1967, 3*q - 3*d = 1494. What is the remainder when q is divided by 127?
112
Calculate the remainder when 155 is divided by (5/(-6) + 6/36)*-48.
27
Let r = 15 + -7. Suppose -2*x - r = 0, b - 5*x + 40 = 4*b. What is the remainder when (12/15)/(4/190) is divided by b?
18
Let h(s) = -12*s - 731. What is the remainder when h(-70) is divided by 48?
13
Let i(n) be the first derivative of -n**4/4 - 3*n**3 + 7*n**2 + 4*n + 10. Calculate the remainder when i(-11) is divided by 31.
30
Let r = -929 - -1253. What is the remainder when r is divided by 30?
24
Suppose 32 = 4*o - 4*b, 3*o + o - b = 35. Let g = 106 - 71. What is the remainder when g is divided by o?
8
Let f = -5 + 5. Let l(k) be the second derivative of k**5/20 + 19*k**2/2 - 34*k. What is the remainder when 72 is divided by l(f)?
15
Suppose 33 = 2*o - 93. Calculate the remainder when (2/2)/((-7)/(-119)) is divided by 581/o + (-4)/18.
8
Let h = 28 + -36. Let g = 24 - h. Calculate the remainder when g is divided by 17.
15
What is the remainder when 99 is divided by (-2)/(32/(-1134)) + 159/1272?
28
Suppose -30 = -3*i + 2*n, -2*i + 4*n - 40 = -6*i. Calculate the remainder when 108/(-10)*(-5)/2 is divided by i.
7
Let d(q) = -71*q - 2. Let t = 21 - 19. Let j be t/(-4)*6/3. Calculate the remainder when d(j) is divided by 24.
21
Suppose -7*f - 2*t + 12 = -11*f, 3*f + 3*t + 18 = 0. What is the remainder when 52 is divided by (-40 - 0)/f + 4?
10
Let q(t) = 57*t**2 + 8*t - 13. Calculate the remainder when q(2) is divided by 63.
42
Let m(d) = -d**2 + 22*d - 36. Let g be m(20). Suppose -4*u + 45 + 4 = 5*v, 22 = 2*v + g*u. Calculate the remainder when 9/1*(-10)/(-3) is divided by v.
3
Let v be (-88 - (2 + -3)) + -2 + 1. Calculate the remainder when 19 is divided by (v/(-40))/((-2)/10*-1).
8
Let f = 1076 - 1045. Calculate the remainder when 184 is divided by f.
29
Let l(s) be the second derivative of -2*s**3/3 - 17*s**2/2 + 3*s. Calculate the remainder when 153 is divided by l(-14).
36
Let g = 3 - 26. Suppose -45*x - c - 183 = -50*x, 0 = x + 2*c - 19. What is the remainder when x is divided by (1 - g)*(-6)/(-8)?
17
Suppose 3*g - 10 = 2*q, -2*g - g = 2*q - 14. Calculate the remainder when 33 is divided by g.
1
Let h(a) = 6*a**3 - a**2 - 5*a + 3. Let g be h(2). Let z = 7 + g. What is the remainder when z is divided by 24?
20
Suppose 0 = -43*q + 277 + 196. Calculate the remainder when 72 is divided by q.
6
Let g(f) = -f**3 + 10*f**2 - 9*f + 5. Let m be g(9). Suppose -66 = -5*k + b, -64 = -m*k + 3*b - 6. Calculate the remainder when 54 is divided by k.
12
Suppose -5*p = 4*o - 529, 2*p - p = 5*o - 654. Let y = o - 71. Suppose 4*u + 3*t = -0*u + y, 68 = 4*u + 5*t. What is the remainder when 44 is divided by u?
8
Let g(z) be the first derivative of z**4/4 + 3*z**3 + 6*z**2 + 2*z - 1. Calculate the remainder when g(-7) is divided by 9.
7
Let c = -65 + 424. Calculate the remainder when c is divided by 20.
19
Suppose 457*d - 455*d - 28 = 0. Calculate the remainder when 564 is divided by d.
4
Let s(f) = f**3 - 9*f**2 - 9*f. Let p = -27 + 37. What is the remainder when 17 is divided by s(p)?
7
Let v be (-3)/((-15)/6 - -1). Let h = v - -4. Suppose 11*z - 125 = h*z. Calculate the remainder when 99 is divided by z.
24
Suppose -2*y = -4*r + 30, -3*r - 30 = 6*y - 4*y. Let o = -14 - y. Calculate the remainder when 23 is divided by -1 - o - -1*10.
7
Let p(j) = 61*j - 17. Let t be p(8). Suppose 5*o - 4*s = t, 4*s + 474 = 5*o + 3*s. Calculate the remainder when o is divided by 16.
15
Suppose i + 3*r - 26 = 0, -4*i + 4*r + 8 = -64. Suppose 19 + i = 3*l. Calculate the remainder when 46 is divided by l.
7
Let x = -552 - -646. Calculate the remainder when x is divided by 20.
14
Suppose 3*x - 225 = -2*x. Suppose -h = 5*m + x - 190, 0 = m - 4*h - 8. Calculate the remainder when m is divided by 16.
12
Let d be 4 - (-3)/(-1 - -4). Suppose -d*u - 5*n + 10 = 0, 2*n - 6 = -3*u + 2. Calculate the remainder when 17/(27/6 - u) is divided by 7.
6
Calculate the remainder when 4/14 - 3188/(-14) is divided by 58.
54
Suppose 5 = 5*t + 5*g - 0, -4*t + g + 14 = 0. Suppose -5*y + t*y + 12 = 0. Calculate the remainder when (-111)/y*(1 - 3) is divided by 13.
11
Let b be (-2)/(-12) - 275/66. Let p(v) = v**3 + 5*v**2 + 3*v - 1. Let m = -3 + 4. What is the remainder when p(b) is divided by m?
0
Let o = 479 - 475. What is the remainder when 2/4 - (-59)/2 is divided by o?
2
Let g(d) = 6*d - 42. What is the remainder when (-124)/(-6) - 6/9 is divided by g(8)?
2
Let a = 139 - 127. What is the remainder when 97 is divided by a?
1
Let z = 568 - 499. What is the remainder when z is divided by 13?
4
Let g = 1817 - 1782. Suppose 2*f + 6 = -5*r - 0, -2*r - 5*f + 6 = 0. Calculate the remainder when g is divided by 13 - (-2)/(-4 - r).
11
Calculate the remainder when 31 is divided by 2 + 5/((-20)/(-56)).
15
Calculate the remainder when (-1231)/(-9) + -3 + (-87)/(-27) is divided by 50.
37
Let z(f) = -9*f - 4. What is the remainder when z(-1) is divided by 9*((-20)/(-15))/4?
2
Suppose -7 = -2*v + 1. Suppose 0 = -5*z - 4*b + 69 - 10, 0 = z - v*b - 31. What is the remainder when 59 is divided by z?
14
Suppose 4*t = -5*i + 7*i - 534, 0 = 5*i - 4*t - 1317. Calculate the remainder when i is divided by 129.
3
Let j(l) = -l + 9. Let s be j(5). Suppose s = -2*h + 52. Calculate the remainder when h is divided by 9.
6
Let v = -992 - -1011. What is the remainder when 35 is divided by v?
16
Let o(z) = -z + 1. Let t be o(-4). Suppose 98 = -t*g + 13. Let h = -6 - g. What is the remainder when 21 is divided by h?
10
Let i(v) = -v + 2. Suppose 5*t + 13 = u, 3*u + 2 - 1 = 5*t. Calculate the remainder when 23 is divided by i(u).
5
Suppose 4*y = m + y - 8, -5*m + 27 = -2*y. Suppose m*l = 5*f + 45, 5*l - 4*f = 6*l + 11. What is the remainder when 38 is divided by l?
3
Suppose -5*v + 6*v - 2 = 0. Suppose -v*s + 4*s - 10 = 0. What is the remainder when s is divided by 3?
2
Suppose 0 = 2*q, -u = 2*u + q - 60. Suppose 0 = 9*a - 3*a - 36. Calculate the remainder when u is divided by a.
2
Suppose -3*i + 2*b + 176 = 0, 9 = -2*i - 5*b + 139. What is the remainder when (i/(-9))/((40/156)/(-5)) is divided by 12?
10
Let g(z) = 43*z - 16. What is the remainder when 29 is divided by g(1)?
2
Let i(s) = -5*s - 5. Let b be i(-2). Suppose 28 - 2 = 2*o - b*n, -o + 26 = 4*n. Let y = o + -14. Calculate the remainder when 15 is divided by y.
3
Let n = -666 + 700. What is the remainder when 395 is divided by n?
21
Suppose 369 = 5*q - 71. Let p = q + -63. Suppose -12 = -i + 2. Calculate the remainder when p is divided by i.
11
Suppose 4 = 2*p, -v + p - 58 = -5*v. Calculate the remainder when 51 is divided by v.
9
What is the remainder when (((-144)/20)/(-3))/((-12)/(-270)) is divided by 7?
5
Calculate the remainder when 2 - (-17)/(34/16) is divided by 6.
4
Suppose -m + 14 = -20. Let g(n) = 21*n**2 - 2*n - 1. Let t be g(-1). What is the remainder when 2966/22 + 4/t is divided by m?
33
Suppose 0 = -p + 2, 5*r + p = r + 10. Suppose u + 10 = 3*u. Calculate the remainder when u is divided by r.
1
Let b(c) = c**2 + 5*c - 2. Let j be b(-6). Suppose -3*p + k = -2*k - 1194, 4*k - 1600 = -j*p. Calculate the remainder when 29 is divided by 6/27 + p/27.
14
Suppose g + g - 22 = 0. Suppose -5*r = -6*r + g. Let p = 26 - r. Calculate the remainder when 44 is divided by p.
14
Suppose d = -j + 28, -2*d + 1 = -3*j - 50. Calculate the remainder when d is divided by 18 - 14 - 6*-1.
7
Let g(x) = x**2 - 4*x - 15. Let s be g(6). Calculate the remainder when 19 is divided by -3*((-8)/12 + s).
8
Let b = 21 - 14. Let x(f) = f**2 - 6*f - 1. Let n be x(b). Let s(z) = -z**3 + 8*z**2 - 2*z - 5. Calculate the remainder when s(n) is divided by 19.
17
Suppose -133 = -4*u + 75. What is the remainder when u is divided by 22?
8
Suppose 100*f - 195*f = -2280. What is the remainder when f is divided by 21/3 - (-1 + -1)?
6
Let v = 31 + -19. Suppose 3*n - 83 = -2*k, 0*k - 4*k + 50 = 2*n. Suppose 5*s + 2*g - n = 2*s, s - 23 = -4*g. What is the remainder when v is divided by s?
5
Suppose -5*g - 5*d + 12 = 